{"id":142,"date":"2019-01-15T11:23:30","date_gmt":"2019-01-15T11:23:30","guid":{"rendered":"http:\/\/www.tierheilpraxis-hellwig.de\/?page_id=142"},"modified":"2019-01-15T11:23:30","modified_gmt":"2019-01-15T11:23:30","slug":"142-2","status":"publish","type":"page","link":"https:\/\/www.pfoetchenlounge.de\/?page_id=142","title":{"rendered":"Preise"},"content":{"rendered":"\n<p><strong>Preise<\/strong><\/p>\n\n\n\n<p>Da jedes Tier eine individuelle Therapie\/Behandlung ben\u00f6tigt, k\u00f6nnen die Preise variieren.<\/p>\n\n\n\n<p>Um die Kosten im Vorfeld einsch\u00e4tzen zu k\u00f6nnen, sprechen Sie mich gerne an.<\/p>\n\n\n\n<p>Die Preise der Tierheilpraxis richten sich nach der Geb\u00fchrenordnung f\u00fcr Tierheilpraktiker.<br>Im Hundesalon variieren die Preise nach Gr\u00f6\u00dfe des Hundes, der Dauer, der Fellgegebenheiten usw.<\/p>\n\n\n\n<p>In der Regel rechne ich die Behandlung im Anschluss bar ab.<br>Auch Rechnungen sind m\u00f6glich.<\/p>\n\n\n\n<p><\/p>\n\n\n\n<p><\/p>\n\n\n\n<p><\/p>\n","protected":false},"excerpt":{"rendered":"<p>Preise Da jedes Tier eine individuelle Therapie\/Behandlung ben\u00f6tigt, k\u00f6nnen die Preise variieren. Um die Kosten im Vorfeld einsch\u00e4tzen zu k\u00f6nnen, sprechen Sie mich gerne an. Die Preise der Tierheilpraxis richten sich nach der Geb\u00fchrenordnung f\u00fcr Tierheilpraktiker.Im Hundesalon variieren die Preise nach Gr\u00f6\u00dfe des Hundes, der Dauer, der Fellgegebenheiten usw. In der Regel rechne ich die &hellip;<\/p>\n","protected":false},"author":1,"featured_media":0,"parent":0,"menu_order":0,"comment_status":"closed","ping_status":"closed","template":"","meta":{"footnotes":""},"_links":{"self":[{"href":"https:\/\/www.pfoetchenlounge.de\/index.php?rest_route=\/wp\/v2\/pages\/142"}],"collection":[{"href":"https:\/\/www.pfoetchenlounge.de\/index.php?rest_route=\/wp\/v2\/pages"}],"about":[{"href":"https:\/\/www.pfoetchenlounge.de\/index.php?rest_route=\/wp\/v2\/types\/page"}],"author":[{"embeddable":true,"href":"https:\/\/www.pfoetchenlounge.de\/index.php?rest_route=\/wp\/v2\/users\/1"}],"replies":[{"embeddable":true,"href":"https:\/\/www.pfoetchenlounge.de\/index.php?rest_route=%2Fwp%2Fv2%2Fcomments&post=142"}],"version-history":[{"count":0,"href":"https:\/\/www.pfoetchenlounge.de\/index.php?rest_route=\/wp\/v2\/pages\/142\/revisions"}],"wp:attachment":[{"href":"https:\/\/www.pfoetchenlounge.de\/index.php?rest_route=%2Fwp%2Fv2%2Fmedia&parent=142"}],"curies":[{"name":"wp","href":"https:\/\/api.w.org\/{rel}","templated":true}]}}